{"id":181,"date":"2017-05-31T09:26:55","date_gmt":"2017-05-31T14:26:55","guid":{"rendered":"https:\/\/www.innovaschools.edu.pe\/?page_id=181"},"modified":"2024-05-09T11:57:09","modified_gmt":"2024-05-09T16:57:09","slug":"perfil-de-salida","status":"publish","type":"page","link":"https:\/\/www.innovaschools.edu.pe\/legacy\/propuesta-educativa\/perfil-de-salida\/","title":{"rendered":"Perfil de Salida"},"content":{"rendered":"\r\n<h1>Estudiante de Innova Schools<\/h1>\r\n<p>La metodolog\u00eda de Innova Schools permitir\u00e1 a los estudiantes salir del colegio habiendo desarrollado competencias para enfrentar situaciones del mundo actual, siglo XXl.<\/p>\r\n<p>Las siete competencias del perfil de salida son:<\/p>\r\n<p>Comunicaci\u00f3n Efectiva<\/p>\r\n<p>Utilizan el lenguaje para comunicarse, de manera oral o escrita, en diferentes contextos, interpretando y comprendiendo conceptos, pensamientos, sentimientos, hechos y opiniones en espa\u00f1ol e ingl\u00e9s.<\/p>\r\n<p>Competencia matem\u00e1tica<\/p>\r\n<p>Formula, emplea e interpreta las matem\u00e1ticas en distintos contextos (personal, social, ocupacional y cient\u00edfico), a trav\u00e9s del uso de diferentes nociones, con el fin de resolver problemas de su entorno.<\/p>\r\n<p>Pensamiento cient\u00edfico<\/p>\r\n<p>Interact\u00faa con el mundo f\u00edsico, tanto en sus aspectos naturales como en los generados por la acci\u00f3n humana, comprendiendo los sucesos, prediciendo consecuencias y desarrollando actividades para la mejora y preservaci\u00f3n de las condiciones de vida propia, de las dem\u00e1s personas y del resto de los seres vivos.<\/p>\r\n<p>Competencia digital<\/p>\r\n<p>Utiliza las TIC (tecnolog\u00edas de la informaci\u00f3n y de la comunicaci\u00f3n), de manera cr\u00edtica y responsable, para recuperar, evaluar, almacenar, producir, presentar e intercambiar informaci\u00f3n.<br \/>As\u00ed podr\u00e1n comunicarse y participar en redes de colaboraci\u00f3n a trav\u00e9s de Internet.<\/p>\r\n<p>Liderazgo<\/p>\r\n<p>Influye de forma positiva, constructiva y efectiva en las personas y en su entorno, a partir de la autogesti\u00f3n y de la participaci\u00f3n en proyectos personales y colectivos.<\/p>\r\n<p>\u00c9tica y ciudadan\u00eda<\/p>\r\n<p>Construyen un estilo de vida sustentado en valores \u00e9ticos y participa, activa y plenamente, en la vida c\u00edvica, a partir del conocimiento de conceptos y estructuras sociales, econ\u00f3micas y pol\u00edticas, de la valoraci\u00f3n de la diversidad y del compromiso de participaci\u00f3n ciudadana.<\/p>\r\n<p>Innovaci\u00f3n<\/p>\r\n<p>Identifica las necesidades de las personas de su entorno a partir de la indagaci\u00f3n, crea y aplica m\u00e9todos o procedimientos nuevos o les da un uso diferente a los que ya existen, con el fin de dar soluci\u00f3n o mejora a las necesidades detectadas.<\/p>\r\n","protected":false},"excerpt":{"rendered":"<p>Estudiante de Innova Schools La metodolog\u00eda de Innova Schools permitir\u00e1 a los estudiantes salir del colegio habiendo desarrollado competencias para enfrentar situaciones del mundo actual, siglo XXl. Las siete competencias del perfil de salida son: Comunicaci\u00f3n Efectiva Utilizan el lenguaje para comunicarse, de manera oral o escrita, en diferentes contextos, interpretando y comprendiendo conceptos, pensamientos,&hellip;<\/p>\n","protected":false},"author":3,"featured_media":0,"parent":48,"menu_order":0,"comment_status":"closed","ping_status":"closed","template":"","meta":{"footnotes":""},"class_list":["post-181","page","type-page","status-publish","hentry"],"yoast_head":"<!-- This site is optimized with the Yoast SEO plugin v26.2 - https:\/\/yoast.com\/wordpress\/plugins\/seo\/ -->\n<title>Perfil de salida de los estudiantes | Innova Schools<\/title>\n<meta name=\"description\" content=\"La metodolog\u00eda de ense\u00f1anza de Innova Schools est\u00e1 sujeta a competencias creadas por la uni\u00f3n europea para formar futuros ciudadanos.\" \/>\n<meta name=\"robots\" content=\"index, follow, max-snippet:-1, max-image-preview:large, max-video-preview:-1\" \/>\n<link rel=\"canonical\" href=\"https:\/\/www.innovaschools.edu.pe\/propuesta-educativa\/perfil-de-salida\/\" \/>\n<meta property=\"og:locale\" content=\"es_ES\" \/>\n<meta property=\"og:type\" content=\"article\" \/>\n<meta property=\"og:title\" content=\"Perfil de salida de los estudiantes | Innova Schools\" \/>\n<meta property=\"og:description\" content=\"La metodolog\u00eda de ense\u00f1anza de Innova Schools est\u00e1 sujeta a competencias creadas por la uni\u00f3n europea para formar futuros ciudadanos.\" \/>\n<meta property=\"og:url\" content=\"https:\/\/www.innovaschools.edu.pe\/propuesta-educativa\/perfil-de-salida\/\" \/>\n<meta property=\"og:site_name\" content=\"Colegios Innova Schools\" \/>\n<meta property=\"article:modified_time\" content=\"2024-05-09T16:57:09+00:00\" \/>\n<meta name=\"twitter:card\" content=\"summary_large_image\" \/>\n<meta name=\"twitter:label1\" content=\"Tiempo de lectura\" \/>\n\t<meta name=\"twitter:data1\" content=\"2 minutos\" \/>\n<!-- \/ Yoast SEO plugin. -->","yoast_head_json":{"title":"Perfil de salida de los estudiantes | Innova Schools","description":"La metodolog\u00eda de ense\u00f1anza de Innova Schools est\u00e1 sujeta a competencias creadas por la uni\u00f3n europea para formar futuros ciudadanos.","robots":{"index":"index","follow":"follow","max-snippet":"max-snippet:-1","max-image-preview":"max-image-preview:large","max-video-preview":"max-video-preview:-1"},"canonical":"https:\/\/www.innovaschools.edu.pe\/propuesta-educativa\/perfil-de-salida\/","og_locale":"es_ES","og_type":"article","og_title":"Perfil de salida de los estudiantes | Innova Schools","og_description":"La metodolog\u00eda de ense\u00f1anza de Innova Schools est\u00e1 sujeta a competencias creadas por la uni\u00f3n europea para formar futuros ciudadanos.","og_url":"https:\/\/www.innovaschools.edu.pe\/propuesta-educativa\/perfil-de-salida\/","og_site_name":"Colegios Innova Schools","article_modified_time":"2024-05-09T16:57:09+00:00","twitter_card":"summary_large_image","twitter_misc":{"Tiempo de lectura":"2 minutos"},"schema":{"@context":"https:\/\/schema.org","@graph":[{"@type":"WebPage","@id":"https:\/\/www.innovaschools.edu.pe\/propuesta-educativa\/perfil-de-salida\/","url":"https:\/\/www.innovaschools.edu.pe\/propuesta-educativa\/perfil-de-salida\/","name":"Perfil de salida de los estudiantes | Innova Schools","isPartOf":{"@id":"https:\/\/www.innovaschools.edu.pe\/#website"},"datePublished":"2017-05-31T14:26:55+00:00","dateModified":"2024-05-09T16:57:09+00:00","description":"La metodolog\u00eda de ense\u00f1anza de Innova Schools est\u00e1 sujeta a competencias creadas por la uni\u00f3n europea para formar futuros ciudadanos.","breadcrumb":{"@id":"https:\/\/www.innovaschools.edu.pe\/propuesta-educativa\/perfil-de-salida\/#breadcrumb"},"inLanguage":"es","potentialAction":[{"@type":"ReadAction","target":["https:\/\/www.innovaschools.edu.pe\/propuesta-educativa\/perfil-de-salida\/"]}]},{"@type":"BreadcrumbList","@id":"https:\/\/www.innovaschools.edu.pe\/propuesta-educativa\/perfil-de-salida\/#breadcrumb","itemListElement":[{"@type":"ListItem","position":1,"name":"Home","item":"https:\/\/www.innovaschools.edu.pe\/"},{"@type":"ListItem","position":2,"name":"Propuesta Educativa","item":"https:\/\/www.innovaschools.edu.pe\/propuesta-educativa\/"},{"@type":"ListItem","position":3,"name":"Perfil de Salida"}]},{"@type":"WebSite","@id":"https:\/\/www.innovaschools.edu.pe\/#website","url":"https:\/\/www.innovaschools.edu.pe\/","name":"Colegios Innova Schools","description":"","publisher":{"@id":"https:\/\/www.innovaschools.edu.pe\/#organization"},"potentialAction":[{"@type":"SearchAction","target":{"@type":"EntryPoint","urlTemplate":"https:\/\/www.innovaschools.edu.pe\/?s={search_term_string}"},"query-input":{"@type":"PropertyValueSpecification","valueRequired":true,"valueName":"search_term_string"}}],"inLanguage":"es"},{"@type":"Organization","@id":"https:\/\/www.innovaschools.edu.pe\/#organization","name":"Colegios Innova Schools","url":"https:\/\/www.innovaschools.edu.pe\/","logo":{"@type":"ImageObject","inLanguage":"es","@id":"https:\/\/www.innovaschools.edu.pe\/#\/schema\/logo\/image\/","url":"https:\/\/www.innovaschools.edu.pe\/wp-content\/uploads\/2017\/05\/Innova-logo-normal.png","contentUrl":"https:\/\/www.innovaschools.edu.pe\/wp-content\/uploads\/2017\/05\/Innova-logo-normal.png","width":201,"height":91,"caption":"Colegios Innova Schools"},"image":{"@id":"https:\/\/www.innovaschools.edu.pe\/#\/schema\/logo\/image\/"}}]}},"_links":{"self":[{"href":"https:\/\/www.innovaschools.edu.pe\/legacy\/wp-json\/wp\/v2\/pages\/181","targetHints":{"allow":["GET"]}}],"collection":[{"href":"https:\/\/www.innovaschools.edu.pe\/legacy\/wp-json\/wp\/v2\/pages"}],"about":[{"href":"https:\/\/www.innovaschools.edu.pe\/legacy\/wp-json\/wp\/v2\/types\/page"}],"author":[{"embeddable":true,"href":"https:\/\/www.innovaschools.edu.pe\/legacy\/wp-json\/wp\/v2\/users\/3"}],"replies":[{"embeddable":true,"href":"https:\/\/www.innovaschools.edu.pe\/legacy\/wp-json\/wp\/v2\/comments?post=181"}],"version-history":[{"count":2,"href":"https:\/\/www.innovaschools.edu.pe\/legacy\/wp-json\/wp\/v2\/pages\/181\/revisions"}],"predecessor-version":[{"id":7598,"href":"https:\/\/www.innovaschools.edu.pe\/legacy\/wp-json\/wp\/v2\/pages\/181\/revisions\/7598"}],"up":[{"embeddable":true,"href":"https:\/\/www.innovaschools.edu.pe\/legacy\/wp-json\/wp\/v2\/pages\/48"}],"wp:attachment":[{"href":"https:\/\/www.innovaschools.edu.pe\/legacy\/wp-json\/wp\/v2\/media?parent=181"}],"curies":[{"name":"wp","href":"https:\/\/api.w.org\/{rel}","templated":true}]}}