{"id":180,"date":"2017-05-31T09:26:12","date_gmt":"2017-05-31T14:26:12","guid":{"rendered":"https:\/\/www.innovaschools.edu.pe\/?page_id=180"},"modified":"2022-11-18T17:10:40","modified_gmt":"2022-11-18T22:10:40","slug":"metodologia","status":"publish","type":"page","link":"https:\/\/www.innovaschools.edu.pe\/legacy\/propuesta-educativa\/metodologia\/","title":{"rendered":"Metodolog\u00eda"},"content":{"rendered":"\r\n<h1>El mundo cambia,<br \/>la educaci\u00f3n tambi\u00e9n<\/h1>\r\n<blockquote>\r\n<p>As\u00ed como todo cambia, los retos de nuestros hijos para su futuro ser\u00e1n distintos a los tuyos.<\/p>\r\n<\/blockquote>\r\n<p><img decoding=\"async\" title=\"metodologia-investigo\" src=\"https:\/\/www.innovaschools.edu.pe\/wp-content\/uploads\/2021\/02\/metodologia-investigo.png\" alt=\"metodologia-investigo\" width=\"700\" height=\"683\" \/><\/p>\r\n<h4>Es por ello que nuestras aulas tienen las siguientes condiciones en su d\u00eda a d\u00eda:<\/h4>\r\n<h3>1<\/h3>\r\n<p>Se plantean situaciones que involucran a los estudiantes a la indagaci\u00f3n.<\/p>\r\n<h3>2<\/h3>\r\n<p>El uso de las tareas que promueven el aprendizaje colaborativo.<\/p>\r\n<h3>3<\/h3>\r\n<p>El uso de preguntas que despiertan la actividad cognitiva del estudiante.<\/p>\r\n<h3>4<\/h3>\r\n<p>Tareas de alta demanda cognitiva y problemas que promueven el debate y la colaboraci\u00f3n entre compa\u00f1eros.<\/p>\r\n<h3>Conoce nuestra metodolog\u00eda por cada nivel<\/h3>\r\n<p><a role=\"button\" href=\"https:\/\/www.innovaschools.edu.pe\/propuesta-educativa\/metodologia\/inicial\/\" target=\"_self\" rel=\"noopener\" aria-label=\"Inicial\"> Inicial <\/a> <a role=\"button\" href=\"https:\/\/www.innovaschools.edu.pe\/propuesta-educativa\/metodologia\/primaria\/\" target=\"_self\" rel=\"noopener\" aria-label=\"Primaria\"> Primaria <\/a> <a role=\"button\" href=\"https:\/\/www.innovaschools.edu.pe\/propuesta-educativa\/metodologia\/secundaria\/\" target=\"_self\" rel=\"noopener\" aria-label=\"Secundaria\"> Secundaria <\/a><\/p>\r\n<h3>\u00bfC\u00f3mo se cre\u00f3 Innova Schools?<\/h3>\r\n<p><iframe src=\"https:\/\/www.youtube.com\/embed\/JkRUKt0Dgvc\" width=\"560\" height=\"315\" frameborder=\"0\" allowfullscreen=\"allowfullscreen\"><\/iframe><\/p>\r\n<h3>\u00a1Nuestros alumnos aprenden de manera innovadora!<\/h3>\r\n<p><iframe src=\"https:\/\/www.youtube.com\/embed\/bkpHsjbhsBM\" width=\"560\" height=\"315\" frameborder=\"0\" allowfullscreen=\"allowfullscreen\"><\/iframe><\/p>\r\n","protected":false},"excerpt":{"rendered":"<p>El mundo cambia,la educaci\u00f3n tambi\u00e9n As\u00ed como todo cambia, los retos de nuestros hijos para su futuro ser\u00e1n distintos a los tuyos. Es por ello que nuestras aulas tienen las siguientes condiciones en su d\u00eda a d\u00eda: 1 Se plantean situaciones que involucran a los estudiantes a la indagaci\u00f3n. 2 El uso de las tareas&hellip;<\/p>\n","protected":false},"author":3,"featured_media":0,"parent":48,"menu_order":0,"comment_status":"closed","ping_status":"closed","template":"","meta":{"footnotes":""},"class_list":["post-180","page","type-page","status-publish","hentry"],"yoast_head":"<!-- This site is optimized with the Yoast SEO plugin v26.2 - https:\/\/yoast.com\/wordpress\/plugins\/seo\/ -->\n<title>La mejor metodologia educativa secundaria| Innova Schools<\/title>\n<meta name=\"description\" content=\"Si buscas el mejor colegio secundaria para tu hijo, la calidad y metodolog\u00eda de ense\u00f1anza de Innova School lo hacen la mejor elecci\u00f3n. \u00a1Matric\u00falalo hoy!\" \/>\n<meta name=\"robots\" content=\"index, follow, max-snippet:-1, max-image-preview:large, max-video-preview:-1\" \/>\n<link rel=\"canonical\" href=\"https:\/\/www.innovaschools.edu.pe\/propuesta-educativa\/metodologia\/\" \/>\n<meta property=\"og:locale\" content=\"es_ES\" \/>\n<meta property=\"og:type\" content=\"article\" \/>\n<meta property=\"og:title\" content=\"La mejor metodologia educativa secundaria| Innova Schools\" \/>\n<meta property=\"og:description\" content=\"Si buscas el mejor colegio secundaria para tu hijo, la calidad y metodolog\u00eda de ense\u00f1anza de Innova School lo hacen la mejor elecci\u00f3n. \u00a1Matric\u00falalo hoy!\" \/>\n<meta property=\"og:url\" content=\"https:\/\/www.innovaschools.edu.pe\/propuesta-educativa\/metodologia\/\" \/>\n<meta property=\"og:site_name\" content=\"Colegios Innova Schools\" \/>\n<meta property=\"article:modified_time\" content=\"2022-11-18T22:10:40+00:00\" \/>\n<meta property=\"og:image\" content=\"https:\/\/www.innovaschools.edu.pe\/wp-content\/uploads\/2021\/02\/metodologia-investigo.png\" \/>\n<meta name=\"twitter:card\" content=\"summary_large_image\" \/>\n<meta name=\"twitter:label1\" content=\"Tiempo de lectura\" \/>\n\t<meta name=\"twitter:data1\" content=\"1 minuto\" \/>\n<!-- \/ Yoast SEO plugin. -->","yoast_head_json":{"title":"La mejor metodologia educativa secundaria| Innova Schools","description":"Si buscas el mejor colegio secundaria para tu hijo, la calidad y metodolog\u00eda de ense\u00f1anza de Innova School lo hacen la mejor elecci\u00f3n. \u00a1Matric\u00falalo hoy!","robots":{"index":"index","follow":"follow","max-snippet":"max-snippet:-1","max-image-preview":"max-image-preview:large","max-video-preview":"max-video-preview:-1"},"canonical":"https:\/\/www.innovaschools.edu.pe\/propuesta-educativa\/metodologia\/","og_locale":"es_ES","og_type":"article","og_title":"La mejor metodologia educativa secundaria| Innova Schools","og_description":"Si buscas el mejor colegio secundaria para tu hijo, la calidad y metodolog\u00eda de ense\u00f1anza de Innova School lo hacen la mejor elecci\u00f3n. \u00a1Matric\u00falalo hoy!","og_url":"https:\/\/www.innovaschools.edu.pe\/propuesta-educativa\/metodologia\/","og_site_name":"Colegios Innova Schools","article_modified_time":"2022-11-18T22:10:40+00:00","og_image":[{"url":"https:\/\/www.innovaschools.edu.pe\/wp-content\/uploads\/2021\/02\/metodologia-investigo.png","type":"","width":"","height":""}],"twitter_card":"summary_large_image","twitter_misc":{"Tiempo de lectura":"1 minuto"},"schema":{"@context":"https:\/\/schema.org","@graph":[{"@type":"WebPage","@id":"https:\/\/www.innovaschools.edu.pe\/propuesta-educativa\/metodologia\/","url":"https:\/\/www.innovaschools.edu.pe\/propuesta-educativa\/metodologia\/","name":"La mejor metodologia educativa secundaria| Innova Schools","isPartOf":{"@id":"https:\/\/www.innovaschools.edu.pe\/#website"},"primaryImageOfPage":{"@id":"https:\/\/www.innovaschools.edu.pe\/propuesta-educativa\/metodologia\/#primaryimage"},"image":{"@id":"https:\/\/www.innovaschools.edu.pe\/propuesta-educativa\/metodologia\/#primaryimage"},"thumbnailUrl":"https:\/\/www.innovaschools.edu.pe\/wp-content\/uploads\/2021\/02\/metodologia-investigo.png","datePublished":"2017-05-31T14:26:12+00:00","dateModified":"2022-11-18T22:10:40+00:00","description":"Si buscas el mejor colegio secundaria para tu hijo, la calidad y metodolog\u00eda de ense\u00f1anza de Innova School lo hacen la mejor elecci\u00f3n. \u00a1Matric\u00falalo hoy!","breadcrumb":{"@id":"https:\/\/www.innovaschools.edu.pe\/propuesta-educativa\/metodologia\/#breadcrumb"},"inLanguage":"es","potentialAction":[{"@type":"ReadAction","target":["https:\/\/www.innovaschools.edu.pe\/propuesta-educativa\/metodologia\/"]}]},{"@type":"ImageObject","inLanguage":"es","@id":"https:\/\/www.innovaschools.edu.pe\/propuesta-educativa\/metodologia\/#primaryimage","url":"https:\/\/www.innovaschools.edu.pe\/wp-content\/uploads\/2021\/02\/metodologia-investigo.png","contentUrl":"https:\/\/www.innovaschools.edu.pe\/wp-content\/uploads\/2021\/02\/metodologia-investigo.png"},{"@type":"BreadcrumbList","@id":"https:\/\/www.innovaschools.edu.pe\/propuesta-educativa\/metodologia\/#breadcrumb","itemListElement":[{"@type":"ListItem","position":1,"name":"Home","item":"https:\/\/www.innovaschools.edu.pe\/"},{"@type":"ListItem","position":2,"name":"Propuesta Educativa","item":"https:\/\/www.innovaschools.edu.pe\/propuesta-educativa\/"},{"@type":"ListItem","position":3,"name":"Metodolog\u00eda"}]},{"@type":"WebSite","@id":"https:\/\/www.innovaschools.edu.pe\/#website","url":"https:\/\/www.innovaschools.edu.pe\/","name":"Colegios Innova Schools","description":"","publisher":{"@id":"https:\/\/www.innovaschools.edu.pe\/#organization"},"potentialAction":[{"@type":"SearchAction","target":{"@type":"EntryPoint","urlTemplate":"https:\/\/www.innovaschools.edu.pe\/?s={search_term_string}"},"query-input":{"@type":"PropertyValueSpecification","valueRequired":true,"valueName":"search_term_string"}}],"inLanguage":"es"},{"@type":"Organization","@id":"https:\/\/www.innovaschools.edu.pe\/#organization","name":"Colegios Innova Schools","url":"https:\/\/www.innovaschools.edu.pe\/","logo":{"@type":"ImageObject","inLanguage":"es","@id":"https:\/\/www.innovaschools.edu.pe\/#\/schema\/logo\/image\/","url":"https:\/\/www.innovaschools.edu.pe\/wp-content\/uploads\/2017\/05\/Innova-logo-normal.png","contentUrl":"https:\/\/www.innovaschools.edu.pe\/wp-content\/uploads\/2017\/05\/Innova-logo-normal.png","width":201,"height":91,"caption":"Colegios Innova Schools"},"image":{"@id":"https:\/\/www.innovaschools.edu.pe\/#\/schema\/logo\/image\/"}}]}},"_links":{"self":[{"href":"https:\/\/www.innovaschools.edu.pe\/legacy\/wp-json\/wp\/v2\/pages\/180","targetHints":{"allow":["GET"]}}],"collection":[{"href":"https:\/\/www.innovaschools.edu.pe\/legacy\/wp-json\/wp\/v2\/pages"}],"about":[{"href":"https:\/\/www.innovaschools.edu.pe\/legacy\/wp-json\/wp\/v2\/types\/page"}],"author":[{"embeddable":true,"href":"https:\/\/www.innovaschools.edu.pe\/legacy\/wp-json\/wp\/v2\/users\/3"}],"replies":[{"embeddable":true,"href":"https:\/\/www.innovaschools.edu.pe\/legacy\/wp-json\/wp\/v2\/comments?post=180"}],"version-history":[{"count":3,"href":"https:\/\/www.innovaschools.edu.pe\/legacy\/wp-json\/wp\/v2\/pages\/180\/revisions"}],"predecessor-version":[{"id":7587,"href":"https:\/\/www.innovaschools.edu.pe\/legacy\/wp-json\/wp\/v2\/pages\/180\/revisions\/7587"}],"up":[{"embeddable":true,"href":"https:\/\/www.innovaschools.edu.pe\/legacy\/wp-json\/wp\/v2\/pages\/48"}],"wp:attachment":[{"href":"https:\/\/www.innovaschools.edu.pe\/legacy\/wp-json\/wp\/v2\/media?parent=180"}],"curies":[{"name":"wp","href":"https:\/\/api.w.org\/{rel}","templated":true}]}}